2. Suppose 4*k + 5*m - 18 = 2, -8 = -4*k - 2*m. Suppose 13*w = -3 + 29. Suppose k = w*r + 2*r. Give x(r).
12
Let h = -76 - -87. Let b(m) = -m**2 + 10*m + 6. Give b(h).
-5
Let t(i) be the second derivative of i**2 + 3*i + 0 + 1/6*i**3. Determine t(-6).
-4
Let p(q) = q**3 - 15*q**2 + 58*q - 9. Let a be p(7). Let k(u) = 8*u - 3. What is k(a)?
37
Let o(k) = -458 + k + k**3 - 453 - 10*k**2 + 902. Determine o(10).
1
Suppose 3*u - 8*u - 2*s + 51 = 0, 0 = 4*u - s - 33. Let b(v) = -v + 4. Determine b(u).
-5
Let b = -383 - -380. Let z(p) = 4*p - 4. Calculate z(b).
-16
Suppose -4*w + 29 = 77. Let r be -4*(33/w - -2). Let o(i) = i + 1. Give o(r).
4
Let m(c) = c**2 + c - 4. Suppose 0 = -h + 2*h + 28. Let t(w) = -2*w**2 + 25*w - 44. Let p be t(8). Let f = h + p. Calculate m(f).
-4
Let o be (-152)/(-36) - 6/27. Suppose 6*c - o*c = 14. Let j(m) = 0*m - 9*m + c*m. What is j(-3)?
6
Let u(o) = 2*o**2 - 4*o + 1. Let g(x) be the third derivative of -x**5/12 + 11*x**4/24 - x**3/2 - 8*x**2. Let f(n) = 3*g(n) + 8*u(n). Determine f(-3).
5
Let m(i) be the first derivative of -i**6/40 + i**5/20 - i**4/24 + 3*i**2 + 1. Let c(r) be the second derivative of m(r). Give c(2).
-14
Let g(w) = -7*w - 3*w**2 + 73 + 2*w**2 - 76. Give g(-6).
3
Suppose -11755*n - 36 = -11746*n. Let f(q) = 2*q**2 + 8*q + 12. Give f(n).
12
Let x(z) = -17 + 9 - z + 8. Suppose 2 + 7 = -2*q + r, q = -4*r + 18. What is x(q)?
2
Let t(x) = -x**2 + 2. Let k be t(3). Let m(d) be the second derivative of -d**3/6 + 757*d + 7. Determine m(k).
7
Let x be 78/585 - 2/15. Let n(f) = -7 - f + 2 - 2. Determine n(x).
-7
Let q(h) be the third derivative of -h**5/30 + h**3/6 + 4*h**2 + 11*h. What is q(0)?
1
Suppose 0 = c - 1, h = -0*h - c + 8. Let a(o) = 3 - 4*o**2 + o**2 + o - h*o + 4*o**2. Let i(l) = 3*l**2 - 9*l + 6. Let z be i(3). Determine a(z).
3
Let z(y) = y**2 - 7*y - 2. Let u be (7 + -10)/((-2)/4). What is z(u)?
-8
Let d(r) be the third derivative of r**4/24 + r**3/6 + 11*r**2. Let v(f) = f**2 - 2*f - 9. Let n be v(-3). What is d(n)?
7
Suppose 0 = 2*a + 5*a. Let y be a/(3 - (7 + -2)). Let g(k) = y*k**3 - 4*k**2 - 2 - 6*k + 0*k**2 - 2*k**2 - k**3. What is g(-5)?
3
Let k(q) be the second derivative of 1/4*q**4 + 14*q - 1/20*q**5 + 0 + 0*q**2 - 1/3*q**3. Suppose -3 = -2*h + 1. What is k(h)?
0
Let i be (4 + 27/(-5))*-5. Let v(s) = -10 + s**2 + 0*s**2 + 2*s + 1 - i*s. What is v(7)?
5
Suppose -5*i = 5*y - 45, 5*y - 3*y = -i + 14. Let o(b) = b**2 + 0*b + y*b + 3 + 2 - 7. Suppose -6*s - 30 = 6. Calculate o(s).
4
Suppose 2*z + 0*z = s + 99, 131 = 3*z + 2*s. Let r(c) = -104*c + 56*c + z*c - 9. Calculate r(-4).
-5
Let u(j) be the second derivative of 0 - 3/2*j**2 + 1/12*j**4 + 5/6*j**3 - 9*j. Give u(-5).
-3
Suppose 2*h + 3*h = 95. Let f be ((-2)/(-4))/(h/(-266)). Let y(b) = -b - 17. Determine y(f).
-10
Let z(m) = -m**3 + 6*m**2 + 2*m + 14. Suppose -r - 2*g + 3 = 0, 0 = -4*r - 100*g + 96*g + 20. Determine z(r).
-21
Let k(q) = -q + 5. Let d be k(4). Let o be (-4112)/24 + d/3. Let x be o/(-38) + (-6)/4. Let m(y) = -y**3 + 4*y**2 - 4*y + 1. Give m(x).
-2
Let n(d) = 4*d + 19. Let a be n(0). Let f = a - 14. Let p(t) = 10*t - 21. Let o(w) = 3*w - 7. Let j(i) = -7*o(i) + 2*p(i). Calculate j(f).
2
Let b(a) = -1. Let j(h) = -2*h - 12. Let s be j(-10). Let w(k) = 5*k - k + 2*k - s*k. Let d(v) = -2*b(v) - w(v). Give d(-3).
-4
Let j be (20/6)/(18/27). Let n(g) = -g**3 + 3*g**2 + 3*g - 2. Let i be n(3). Let d = j - i. Let x(h) = -h**2 + h + 2. Calculate x(d).
-4
Let y = -2 + 4. Let i(v) = -1 + v**3 + 3 + 6*v**2 - 5*v**y + v + 3*v**2. Determine i(-4).
-2
Let y(m) be the second derivative of -m**2 + 1/6*m**3 + m + 0. What is y(-3)?
-5
Let k = -475/4 - -119. Let u(d) be the first derivative of -3 - k*d**4 + 3*d**2 + 4/3*d**3 + 6*d. Determine u(5).
11
Suppose -3*u = 2*u - 40. Let z(o) = 2*o - 11. Let h(c) = c - 4. Let k(s) = u*h(s) - 3*z(s). Let m = 2 - 0. Determine k(m).
5
Let d(q) be the third derivative of -q**6/120 + q**5/12 - q**4/12 - q**3/2 + 5*q**2 + 2*q. Determine d(3).
9
Let j(w) = 5*w**2 + 37. Let z(o) = 9*o**2 + o + 74. Let q(p) = 11*j(p) - 6*z(p). Let y(s) be the first derivative of q(s). What is y(-6)?
-18
Let x(i) be the second derivative of 0 - 3*i**2 - 1/20*i**5 - 1/2*i**4 - 5/6*i**3 + 24*i. What is x(-5)?
-6
Let b(f) = 2*f + 4. Let w(z) = -z - 1. Let m(k) = -2*k - 35. Let v be m(-15). Let h(l) = v*w(l) - b(l). What is h(2)?
7
Suppose 3*y - 6*y + 3 = 0. Let t(b) be the third derivative of b**4/12 + b**3/6 - 124*b**2. What is t(y)?
3
Let m(u) = 4*u - 2. Let w(q) = 2*q**3 - 3*q**2 - 2*q - 4. Let v be w(0). Determine m(v).
-18
Let h(s) be the second derivative of -1/20*s**5 + 8*s + 1/3*s**4 + 0 + 2*s**2 + 1/6*s**3. Determine h(4).
8
Let f(c) be the first derivative of -c**4/4 - 5*c**3/3 - 5*c**2/2 - 3*c - 192. Determine f(-3).
-6
Let y(v) = -v**3 - 4*v**2 + 3*v + 2. Let n be y(-4). Let o(s) = s**2 + 8*s - 12. Give o(n).
8
Let o(j) = 6*j**2 + 3*j + 4. Let w(t) = -7*t**2 - 2*t - 3. Let k be 4/208*8 - (-28)/(-13). Let f(g) = k*o(g) - 3*w(g). Give f(-1).
10
Let f(y) = y + 2. Let t(n) = 4*n + 5. Suppose 5*k - 28 = 2*l, -k - 16 = l + 4*l. Let w(c) = k*t(c) - 12*f(c). Calculate w(3).
8
Let d(o) = 2*o - 25. Let b = 2293 + -2277. Determine d(b).
7
Let s = -26 - -28. Let a(m) = 9 - 4 - s + 4 + m. Give a(-5).
2
Let a(n) = n**3 - 10*n**2 + 8*n - 5. Let j be 3/(6/4) + (-42)/(-6). Determine a(j).
-14
Let c = 64 + -62. Let n(y) = 5 - 17 + 11 - c*y. Give n(5).
-11
Let j(v) = 2*v**2 + 2*v + 1. Let g(f) = -f. Let u(n) = g(n) - j(n). Let a(q) = -2 + 9 + q**2 - 9 - 3*q. Let s be a(3). Determine u(s).
-3
Let j(g) = -g**2 - 5*g + 8. Let k be j(-6). Suppose -k*h = -0 - 4. Let o(c) = c**2 - 2*c - 1. Calculate o(h).
-1
Let x(a) = 14*a**2 + 310*a + 49. Let y be x(-22). Let v(t) = -2*t**2 + 2. Give v(y).
-48
Let c(t) be the first derivative of t**3/3 - 6*t**2 - 19*t + 95. Give c(13).
-6
Let p(u) = -2 - 6 + 4 + 3 + 2*u. Calculate p(5).
9
Suppose z + z = -2. Let t(n) = 1 + 3*n**2 - 3 - 3 + 4 + 0. Calculate t(z).
2
Let x(u) be the third derivative of -u**6/120 + u**4/8 - 2*u**3/3 + 17*u**2 + 6. Give x(-3).
14
Let o(j) = -18*j**3 - 15*j - 5*j**2 + 4 + 14*j + 19*j**3. Let z be o(5). Let y(n) = -14*n + 1. What is y(z)?
15
Let r(y) = -y**3 + 14*y**2 - 13*y + 3. Suppose -8*j - 164 = -268. What is r(j)?
3
Let n be 22/(-99) - (-20)/9. Suppose n + 0 = s. Suppose 0 - 12 = -s*f. Let v(l) = l**3 - 5*l**2 - 5*l - 4. Determine v(f).
2
Suppose -5 + 4 = -q + 3*p, 0 = -2*q + 2*p - 14. Let c be q/2 + 1/(-2). Let g(v) be the first derivative of v**3/3 + 4*v**2 + 7*v - 15. Give g(c).
-5
Let c(j) = 11*j**2 + 44 - 84*j + 76*j - 60 - j**3. Calculate c(10).
4
Let d = 103 + -104. Let i be d/(-3) + (-96)/(-36). Let m(h) be the second derivative of h**5/20 - h**4/4 + h**3/6 - 2*h**2 - h. What is m(i)?
-1
Let p(h) = 172*h - 505. Let r be p(3). Let i(s) = s**2 - 11*s - 3. Give i(r).
-3
Let l(o) = 15*o**2 - 13*o + 9. Let s(d) = -13*d**2 + 13*d - 9. Let u(g) = -6*l(g) - 7*s(g). What is u(12)?
-3
Let w(k) = -5*k**2 - 2*k - 1. Let r(f) = 3*f + 5. Let z = -61 + 59. Let y be r(z). Determine w(y).
-4
Let s be (-87)/15 - (-6)/(-5). Let w(f) = f**3 + 9*f**2 + 11*f - 21. What is w(s)?
0
Suppose -2*p - 2*p - 5*l + 13 = 0, 4*l = -2*p + 14. Let u(h) = 4*h**2 - 15. Let g be u(0). Let s be p*(g/9 - -4). Let w(i) = i + 10. Give w(s).
3
Let k(v) = v - 4. Let b(y) = 4*y - 13. Let w(m) = -2*b(m) + 7*k(m). Let j(p) = -p**3 + 8*p**2 - 8*p + 7. Let i be j(7). Determine w(i).
-2
Let b(q) = -q + 1. Let y = -42 - -44. Let w(o) = 3*o**2 - o - 4. Let j be w(y). Give b(j).
-5
Let d(p) = p**3 - 3*p**2 - p - 50. Let q be d(5). Let g(z) = z**3 + 5*z**2 + 5*z + 3. Determine g(q).
-22
Suppose 0 = 4*k + 5*s + 15, 2*s + 3 = -k + s. Let i(h) = -h + 67. Let r(c) = -c + 60. Let w(g) = 6*i(g) - 7*r(g). Calculate w(k).
-18
Let i(t) = -1. Let x(h) = -3*h + 3. Let m(o) = 2*i(o) + x(o). Let r = -83 + 82. Determine m(r).
4
Suppose 2*m + 1 = f, 4*m + 0*m + 4*f + 20 = 0. Let p(j) = 3*j**3 + j**2 - 1. Determine p(m).
-21
Let r(l) = -l**2 - 7*l + 8. Let b = -929 + 919. Determine r(b).
-22
Let l = 1388 - 1383. Let r(f) be the first derivative of -f**4/4 + 4*f**3/3 + 3*f**2 + 2*f + 3. Calculate r(l).
7
Let d(z) = -69*z - 6. Let y(i) = -8*i. Let f(n) = -d(n) + 9*y(n). Calculate f(5).
-9
Let s(b) = 6*b**2 + 47*b - 3. Let c be s(